 s and 9.
9
Let h(k) be the third derivative of -k**6/60 - k**3/3 - k**2. Let a be h(-2). What is the greatest common factor of a and 112?
14
Let a(b) = 3*b**2 + 6*b. Let o be a(-6). Calculate the greatest common divisor of 18 and o.
18
Suppose -4*v - 104 = 44. Let w = -26 - v. Let y = 303 - 182. What is the greatest common divisor of w and y?
11
Suppose 0*o = 2*o - 140. Calculate the highest common divisor of o and 10.
10
Let x(a) = -a - 5. Let v be x(-11). Suppose 3*u + v = 2*i, 2*u + 3*u + 6 = 2*i. Suppose k - 11 + u = 0. Calculate the highest common factor of 33 and k.
11
Let n be -133*(-9*(-2)/(-14) - -1). Let i be 127 + 1 + 0 + -1. Let t = -32 + i. Calculate the greatest common factor of t and n.
19
Suppose -2 = 6*w - 8. Suppose -k - g = -w, 2*g - 21 = -5*k - 4. Calculate the greatest common factor of 10 and k.
5
Let a(c) = -c**3 + 10*c**2 + 16*c - 15. Let k be a(11). What is the highest common divisor of k and 40?
40
Let s be (2/(-4) + 0)*4. Let q be (0 - (s - -1))*1. Let p be (65 - (q - 1)) + -1. What is the greatest common factor of 16 and p?
16
Let h(u) = 5*u - 9. Let w(t) = 10*t - 19. Let q(n) = 13*h(n) - 6*w(n). Let l be q(2). Calculate the highest common factor of l and 77.
7
Let k = -79 - -114. Calculate the highest common factor of 5 and k.
5
Let g(j) = 2*j**3 + 3*j**2 - j - 1. Let m be g(2). Calculate the highest common factor of 5 and m.
5
Let p be ((-8)/(-2))/(0 + 1). Suppose -a + 4*a + 9 = 0. Let n(c) = -c + 1. Let x be n(a). Calculate the highest common factor of p and x.
4
Suppose 7*h - 15 = 2*h. Suppose 15 + 42 = h*u. What is the greatest common factor of u and 19?
19
Suppose 0 = 2*o - 4. Suppose 0*c = -5*g + 3*c + 87, -o*g + 2*c = -38. Calculate the highest common factor of g and 75.
15
Let w be (12/(-15))/(2/(-10)). Suppose 4*x + y + y = 20, -w*x + 4*y - 4 = 0. Suppose -18 = -x*m + 30. Calculate the highest common divisor of 2 and m.
2
Let n(h) be the first derivative of 0 - 3*h**3 + 1 - h**3 - 5*h + 5*h**3 + 3*h**2. Let y be n(-5). Calculate the highest common divisor of y and 16.
8
Let g(h) = -73*h + 1. Let i be g(-3). What is the greatest common factor of i and 22?
22
Suppose 5*r = 3*s + 51, 5*r - 2*s - 66 = -4*s. Calculate the highest common factor of 24 and r.
12
Let a be 560/30 - 2/(-6). Let f be a - ((-28)/(-4) + -3). What is the greatest common divisor of 3 and f?
3
Let s(m) = m**2 - 10*m + 4. Let t be s(11). Let w = t - 0. Let y(u) = 22*u**3 - 3*u**2 + 1. Let r be y(2). What is the highest common divisor of r and w?
15
Let h = 5 + -6. Let v be (-2 + 0 - h) + 2. Let d = 2 - -4. Calculate the highest common factor of d and v.
1
Suppose 0 = -4*t - 4*j - 1 + 5, 0 = -5*t - 3*j + 5. Let p be 1/7 - (-7)/(-49). Suppose y - 5*y + 44 = p. Calculate the greatest common divisor of t and y.
1
Let x be (28/6)/((-3)/(-9)). What is the highest common factor of 21 and x?
7
Let l = -4 - -13. Let a(d) = d**3 - 8*d**2 + 4*d - 9. Let q be a(l). What is the highest common factor of q and 12?
12
Suppose 2*v + 5 = -3*v. Let m be (v + 2)*1 - -56. Calculate the highest common divisor of m and 19.
19
Let s be 60/8*16/8. What is the highest common factor of s and 10?
5
Let v be (1 - (-4)/(-3))*-99. What is the highest common factor of v and 363?
33
Suppose 2*o - 3*u = -2*u - 8, -3*o + 3*u - 9 = 0. Let l = 17 + o. Calculate the greatest common factor of 60 and l.
12
Suppose 2*g + 2*o = 29 - 1, -3*o = -3*g + 18. What is the greatest common factor of 70 and g?
10
Let s = 5 + 0. Let a be (s/3)/(3/9). Suppose d + 4*v + 36 = a*d, -3*d - 2*v + 32 = 0. Calculate the greatest common factor of d and 80.
10
Let w(s) = -s**3 + 3*s**2 - 2. Let j be w(2). Let m(g) = -g - 3. Let h be m(-3). Let z = 4 - h. What is the greatest common divisor of j and z?
2
Suppose -4*j = -189 - 27. Calculate the highest common divisor of j and 18.
18
Suppose 0 = -4*h + 5*h - 80. Let k be 40/(-5)*4/(-2). What is the highest common factor of h and k?
16
Suppose 0 = -3*x - 5*u + 23, 5*u = x + 2*u - 3. Suppose -z + 0*z = -x. Let q be ((-100)/(-6))/(2/z). What is the greatest common divisor of 5 and q?
5
Suppose 2*g - 53 - 7 = 0. Suppose 0*q + g = -5*q. Let h be q/(-10)*(15 - 0). Calculate the highest common divisor of h and 63.
9
Let k be (-10)/(-4)*48/10. What is the greatest common divisor of k and 36?
12
Let y(a) = 5*a + 15. Let k be y(15). What is the greatest common factor of 18 and k?
18
Let x be (-2 - -5) + (-9)/3. Suppose -i + 3*i - 12 = x. Suppose 0 = 3*h - 12, 3*o + 4*h - 10 = 4*o. Calculate the greatest common divisor of o and i.
6
Suppose 4*a - 10 = -a. Calculate the highest common factor of a and 8.
2
Let m be (-6)/(2/(-4)*3). Suppose 3*k - 16 = 2*c, -5*k + m*c + 3 + 21 = 0. Let p be 16 + 1 - 3*(-1)/(-3). What is the highest common divisor of p and k?
8
Let i(v) = v + 1. Let s be i(2). Suppose 41 = y - s. Suppose -2*z - q + 43 = 2*z, 0 = 3*z - 2*q - 35. Calculate the greatest common factor of y and z.
11
Suppose -3*m = m + 2*t + 26, -6 = -m + 2*t. Let h = -1 - m. Suppose -h*g + 4*g = 36. What is the highest common factor of g and 9?
9
Suppose 0 = 5*p - 5*g - 15 - 5, 0 = 3*g - 3. Suppose 2*b + 50 = 4*s - 2*s, 0 = p*s + b - 119. Let j = s + 21. What is the highest common divisor of 9 and j?
9
Let k(u) = -u**2 + 8*u - 3. Let r be k(5). Suppose 141 = -3*i - 3*o, -2*i + 2*o = -0*o + 102. Let l = 35 - i. Calculate the highest common divisor of l and r.
12
Let w be (-2)/(-4) - 327/(-6). Let i be 28/(-35)*(-55)/2. What is the highest common factor of i and w?
11
Suppose -2*v + 0*v + 52 = 0. Suppose 4*w + 212 + 322 = 3*o, 731 = 4*o + w. Calculate the highest common factor of v and o.
26
Suppose 6*m = 7*m - 2. Calculate the highest common divisor of m and 3.
1
Let r(v) = -v**2 + 2*v + 76. Let q be r(0). Calculate the highest common divisor of 114 and q.
38
Let k(l) = 29*l**3 - 1. Let m be k(2). Suppose 5*t = -2*b + m, 2*b - 113 = -2*t - 17. Suppose 30 = 5*d - t. Calculate the greatest common divisor of 3 and d.
3
Let a be (24/(-20))/(4/(-30)). Suppose -2*y = 3 + a. Let d = y + 25. Calculate the highest common factor of d and 133.
19
Let h = -13 + 34. Let m = h + -17. Calculate the greatest common factor of m and 32.
4
Suppose -3*a = 5*y + 2*a - 35, -4*y = 3*a - 29. Suppose 30 = 13*z - y*z. What is the highest common divisor of 9 and z?
3
Let l(w) = w**3 + 10*w**2 - 4*w + 12. Let n be l(-10). Calculate the greatest common factor of n and 26.
26
Suppose -2*g + 0*g + 6 = 0. Let i(c) = 3*c**2 + 2*c - 12. Let o be i(3). Calculate the greatest common divisor of g and o.
3
Let v(i) = i**2 + 4*i + 5. Let d be v(-5). Suppose 5*p = 5*w + 385, 2*p = -2*p + w + 317. What is the greatest common divisor of p and d?
10
Let y = 10 + 22. Suppose -2*z - 4*m + y = 0, 3*z + z = -3*m + 39. What is the greatest common divisor of 4 and z?
2
Let m = 200 + -143. What is the highest common divisor of 38 and m?
19
Let o(q) = -7*q - 7. Let y be (-1 - 4)/(1/1). Let d(j) = 4*j + 3. Let s(l) = y*d(l) - 2*o(l). Let a be s(-6). What is the highest common factor of 7 and a?
7
Let m = -39 - -139. Let n = 6 - 82. Let a = m - n. What is the highest common divisor of a and 16?
16
Suppose -6*x - 80 = -14*x. Calculate the highest common factor of x and 110.
10
Let u(n) = n**3 - 11*n**2 + 11*n - 2. Let s be u(10). What is the highest common divisor of 12 and s?
4
Suppose -4*h + 328 = 4*m, 0*h = -3*h - m + 242. Calculate the highest common factor of 32 and h.
16
Let z(m) = -m**2 - 5*m + 6. Let n be z(-6). Suppose n = -5*d - 10, -18 = -o + 6*d - 2*d. Let g be 4/6 - 4/(-3). What is the greatest common divisor of o and g?
2
Suppose -2*a + 5*a = 72. Calculate the greatest common divisor of a and 168.
24
Let i = 1 - -6. Suppose 3*j - 31 = -i. What is the greatest common divisor of 8 and j?
8
Let n be (3/(-2))/((-3)/48). Suppose 3*a = b + 4*b + 56, 4*a - 60 = 3*b. Calculate the highest common divisor of n and a.
12
Let o = -11 - -7. Let t be 327/6 - 2/o. Suppose -2*g - 4*j - 35 = -5*g, -2*g - 5*j - 15 = 0. What is the highest common factor of t and g?
5
Let p(t) = t**3 - 2*t**2 - 4*t + 5. Let c be p(4). What is the greatest common divisor of 7 and c?
7
Let y be (-16)/(-8) - (1*-28 - -2). What is the highest common divisor of y and 7?
7
Let g = -59 + 65. What is the greatest common factor of 15 and g?
3
Let z(y) = -